mainder when 34 is divided by 18.
16
Calculate the remainder when 4488 is divided by 161.
141
Calculate the remainder when 14697 is divided by 35.
32
What is the remainder when 187 is divided by 4?
3
Calculate the remainder when 127 is divided by 17.
8
Calculate the remainder when 2318 is divided by 29.
27
What is the remainder when 96 is divided by 85?
11
What is the remainder when 180 is divided by 80?
20
Calculate the remainder when 724 is divided by 66.
64
Calculate the remainder when 1117 is divided by 16.
13
Calculate the remainder when 79 is divided by 45.
34
Calculate the remainder when 93 is divided by 71.
22
Calculate the remainder when 158 is divided by 15.
8
Calculate the remainder when 943 is divided by 93.
13
What is the remainder when 2054 is divided by 3?
2
What is the remainder when 633 is divided by 31?
13
Calculate the remainder when 449 is divided by 73.
11
Calculate the remainder when 847 is divided by 3.
1
Calculate the remainder when 162 is divided by 12.
6
What is the remainder when 702 is divided by 110?
42
What is the remainder when 1899 is divided by 18?
9
Calculate the remainder when 7018 is divided by 59.
56
Calculate the remainder when 39 is divided by 15.
9
Calculate the remainder when 76 is divided by 8.
4
Calculate the remainder when 55 is divided by 15.
10
Calculate the remainder when 1292 is divided by 108.
104
What is the remainder when 1445 is divided by 33?
26
Calculate the remainder when 221 is divided by 56.
53
Calculate the remainder when 70 is divided by 20.
10
What is the remainder when 260 is divided by 61?
16
Calculate the remainder when 263 is divided by 53.
51
What is the remainder when 18321 is divided by 4?
1
Calculate the remainder when 2225 is divided by 106.
105
Calculate the remainder when 1379 is divided by 77.
70
What is the remainder when 1225 is divided by 61?
5
What is the remainder when 392 is divided by 2?
0
Calculate the remainder when 303 is divided by 100.
3
What is the remainder when 13854 is divided by 85?
84
Calculate the remainder when 74 is divided by 20.
14
Calculate the remainder when 75 is divided by 34.
7
Calculate the remainder when 9790 is divided by 36.
34
What is the remainder when 396 is divided by 196?
4
Calculate the remainder when 6556 is divided by 4.
0
Calculate the remainder when 466 is divided by 152.
10
What is the remainder when 25541 is divided by 22?
21
What is the remainder when 2932 is divided by 7?
6
Calculate the remainder when 356 is divided by 75.
56
What is the remainder when 58 is divided by 17?
7
Calculate the remainder when 892 is divided by 14.
10
Calculate the remainder when 21 is divided by 2.
1
Calculate the remainder when 174 is divided by 32.
14
Calculate the remainder when 547 is divided by 98.
57
What is the remainder when 10093 is divided by 16?
13
Calculate the remainder when 382 is divided by 48.
46
Calculate the remainder when 968 is divided by 89.
78
Calculate the remainder when 142 is divided by 4.
2
What is the remainder when 592 is divided by 184?
40
Calculate the remainder when 75 is divided by 21.
12
What is the remainder when 282 is divided by 70?
2
Calculate the remainder when 228 is divided by 89.
50
What is the remainder when 27376 is divided by 78?
76
Calculate the remainder when 590 is divided by 9.
5
Calculate the remainder when 25257 is divided by 346.
345
What is the remainder when 236 is divided by 75?
11
Calculate the remainder when 2842 is divided by 32.
26
Calculate the remainder when 175 is divided by 80.
15
Calculate the remainder when 176 is divided by 12.
8
What is the remainder when 666 is divided by 23?
22
Calculate the remainder when 2226 is divided by 158.
14
Calculate the remainder when 988 is divided by 66.
64
Calculate the remainder when 150 is divided by 29.
5
Calculate the remainder when 70 is divided by 11.
4
What is the remainder when 165 is divided by 57?
51
Calculate the remainder when 97 is divided by 53.
44
Calculate the remainder when 592 is divided by 202.
188
Calculate the remainder when 439 is divided by 113.
100
Calculate the remainder when 2365 is divided by 74.
71
What is the remainder when 31 is divided by 14?
3
What is the remainder when 13889 is divided by 30?
29
What is the remainder when 816 is divided by 254?
54
Calculate the remainder when 416 is divided by 6.
2
Calculate the remainder when 211 is divided by 40.
11
What is the remainder when 2015 is divided by 112?
111
What is the remainder when 100 is divided by 25?
0
Calculate the remainder when 1555 is divided by 58.
47
What is the remainder when 21923 is divided by 203?
202
Calculate the remainder when 386 is divided by 201.
185
What is the remainder when 75 is divided by 5?
0
What is the remainder when 2639 is divided by 51?
38
Calculate the remainder when 1662 is divided by 8.
6
Calculate the remainder when 2064 is divided by 109.
102
What is the remainder when 337 is divided by 57?
52
What is the remainder when 1022 is divided by 174?
152
What is the remainder when 231 is divided by 117?
114
Calculate the remainder when 306 is divided by 156.
150
Calculate the remainder when 155 is divided by 23.
17
What is the remainder when 357 is divided by 60?
57
Calculate the remainder when 6234 is divided by 21.
18
Calculate the remainder when 969 is divided by 73.
20
Calculate the remainder when 136 is divided by 21.
10
What is the remainder when 9276 is divided by 80?
76
What is the remainder when 90 is divided by 12?
6
Calculate the remainder when 148 is divided by 75.
73
Calculate the remainder when 45 is divided by 45.
0
Calculate the remainder when 65 is divided by 52.
13
What is the remainder when 483 is divided by 159?
6
Calculate the remainder when 1324 is divided by 264.
4
Calculate the remainder when 64 is divided by 14.
8
What is the remainder when 154 is divided by 33?
22
Calculate the remainder when 663 is divided by 50.
13
Calculate the remainder when 214 is divided by 4.
2
What is the remainder when 5 is divided by 5?
0
Calculate the remainder when 366 is divided by 13.
2
What is the remainder when 1820 is divided by 36?
20
What is the remainder when 676 is divided by 34?
30
What is the remainder when 355 is divided by 30?
25
What is the remainder when 299 is divided by 30?
29
What is the remainder when 6263 is divided by 12?
11
What is the remainder when 693 is divided by 64?
53
Calculate the remainder when 233 is divided by 18.
17
Calculate the remainder when 102 is divided by 69.
33
What is the remainder when 87 is divided by 23?
18
Calculate the remainder when 340 is divided by 89.
73
Calculate the remainder when 23 is divided by 17.
6
Calculate the remainder when 57 is divided by 4.
1
What is the remainder when 1200 is divided by 86?
82
Calculate the remainder when 5000 is divided by 143.
138
What is the remainder when 362 is divided by 113?
23
What is the remainder when 706 is divided by 101?
100
Calculate the remainder when 1970 is divided by 68.
66
Calculate the remainder when 5937 is divided by 11.
8
What is the remainder when 169 is divided by 62?
45
What is the remainder when 2836 is divided by 43?
41
Calculate the remainder when 16463 is divided by 98.
97
Calculate the remainder when 92 is divided by 31.
30
Calculate the remainder when 21 is divided by 19.
2
Calculate the remainder when 2813 is divided by 64.
61
What is the remainder when 84 is divided by 22?
18
Calculate the remainder when 3108 is divided by 37.
0
Calculate the remainder when 1113 is divided by 295.
228
What is the remainder when 436 is divided by 87?
1
Calculate the remainder when 538 is divided by 135.
133
Calculate the remainder when 6895 is divided by 276.
271
What is the remainder when 590 is divided by 150?
140
Calculate the remainder when 1105 is divided by 101.
95
Calculate the remainder when 1299 is divided by 11.
1
Calculate the remainder when 83 is divided by 37.
9
What is the remainder when 551 is divided by 133?
19
Calculate the remainder when 404 is divided by 124.
32
What is the remainder when 233 is divided by 56?
9
Calculate the remainder when 517 is divided by 37.
36
Calculate the remainder when 1164 is divided by 145.
4
What is the remainder when 2372 is divided by 66?
62
What is the remainder when 21 is divided by 3?
0